se 16?
a
What is 6 (base 11) in base 13?
6
Convert -4 (base 5) to base 14.
-4
0 (base 12) to base 16
0
What is -4 (base 10) in base 12?
-4
Convert -17 (base 10) to base 13.
-14
What is -21 (base 7) in base 3?
-120
Convert 22220 (base 3) to base 4.
3300
180 (base 11) to base 10
209
What is -122 (base 4) in base 8?
-32
Convert 2 (base 6) to base 12.
2
Convert -7 (base 9) to base 14.
-7
Convert 200 (base 8) to base 12.
a8
What is 5 (base 12) in base 16?
5
-1b (base 16) to base 13
-21
What is a9 (base 11) in base 16?
77
Convert 121 (base 5) to base 4.
210
What is -1001101 (base 2) in base 12?
-65
Convert -67 (base 13) to base 10.
-85
Convert 222 (base 4) to base 6.
110
Convert -1 (base 2) to base 10.
-1
Convert -2321 (base 4) to base 3.
-20212
What is 11 (base 6) in base 8?
7
Convert -20 (base 7) to base 10.
-14
Convert 141 (base 5) to base 6.
114
Convert -3 (base 11) to base 2.
-11
What is -16 (base 14) in base 10?
-20
Convert -5c (base 15) to base 9.
-106
Convert -112 (base 4) to base 9.
-24
3 (base 16) to base 12
3
Convert 3 (base 6) to base 8.
3
What is 1 (base 8) in base 12?
1
What is -1 (base 10) in base 8?
-1
Convert -1c (base 16) to base 10.
-28
14 (base 12) to base 8
20
What is -10 (base 4) in base 11?
-4
What is 20 (base 3) in base 2?
110
What is -4 (base 14) in base 15?
-4
Convert 50 (base 6) to base 13.
24
What is 50 (base 11) in base 12?
47
-13 (base 10) to base 4
-31
Convert -7 (base 15) to base 12.
-7
What is -200 (base 6) in base 2?
-1001000
-15 (base 6) to base 15
-b
5c (base 14) to base 2
1010010
Convert 12b (base 15) to base 2.
100001010
What is 12 (base 3) in base 5?
10
What is -100 (base 11) in base 7?
-232
-450 (base 6) to base 2
-10101110
-1102 (base 3) to base 2
-100110
What is 9 (base 15) in base 6?
13
What is 1110010 (base 2) in base 4?
1302
Convert 10000001 (base 2) to base 7.
243
Convert -2 (base 16) to base 9.
-2
-124 (base 12) to base 15
-b7
Convert 12 (base 6) to base 9.
8
Convert 25 (base 11) to base 9.
30
What is 4 (base 15) in base 13?
4
Convert 1011 (base 3) to base 12.
27
8c (base 13) to base 6
312
2 (base 6) to base 15
2
Convert 0 (base 4) to base 11.
0
Convert -2b (base 13) to base 2.
-100101
Convert -1 (base 6) to base 2.
-1
What is 6 (base 15) in base 13?
6
Convert 2 (base 16) to base 8.
2
Convert -34 (base 13) to base 15.
-2d
Convert a (base 12) to base 7.
13
What is -1 (base 2) in base 6?
-1
15 (base 11) to base 5
31
2 (base 12) to base 16
2
-203 (base 4) to base 16
-23
Convert 3 (base 4) to base 3.
10
21 (base 3) to base 13
7
What is -2 (base 8) in base 10?
-2
What is -42 (base 5) in base 9?
-24
What is 176 (base 8) in base 9?
150
Convert 1 (base 6) to base 13.
1
-7d (base 15) to base 3
-11101
What is -15 (base 8) in base 11?
-12
-1 (base 8) to base 9
-1
3 (base 11) to base 2
11
Convert -41 (base 5) to base 8.
-25
Convert -5 (base 15) to base 11.
-5
What is -314 (base 5) in base 11?
-77
Convert 4 (base 6) to base 2.
100
What is 9c (base 15) in base 16?
93
Convert -53 (base 8) to base 16.
-2b
380 (base 9) to base 13
1b3
What is 15 (base 13) in base 16?
12
What is 14 (base 15) in base 7?
25
Convert 9 (base 12) to base 2.
1001
What is -10 (base 3) in base 7?
-3
What is 1340 (base 6) in base 7?
1005
Convert 0 (base 12) to base 10.
0
What is -1 (base 14) in base 16?
-1
What is a1 (base 11) in base 2?
1101111
What is -2003 (base 5) in base 15?
-11d
-1 (base 7) to base 11
-1
Convert 22 (base 13) to base 5.
103
Convert -4 (base 7) to base 13.
-4
Convert 51 (base 9) to base 6.
114
What is -3 (base 13) in base 4?
-3
Convert 8 (base 12) to base 2.
1000
What is -6 (base 12) in base 14?
-6
Convert 22b (base 13) to base 4.
11313
What is -331 (base 5) in base 10?
-91
What is -11 (base 6) in base 9?
-7
What is 2 (base 15) in base 7?
2
Convert -3 (base 11) to base 14.
-3
What is -4 (base 8) in base 14?
-4
Convert 10 (base 6) to base 15.
6
Convert -2 (base 13) to base 10.
-2
What is -33 (base 9) in base 6?
-50
Convert 7 (base 9) to base 11.
7
What is 1 (base 16) in base 10?
1
-3 (base 10) to base 13
-3
3 (base 5) to base 11
3
What is 0 (base 3) in base 15?
0
Convert 44 (base 6) to base 10.
28
Convert -b2 (base 15) to base 4.
-2213
-115 (base 16) to base 10
-277
41 (base 9) to base 14
29
Convert 0 (base 2) to base 13.
0
-1 (base 8) to base 9
-1
Convert 1 (base 3) to base 4.
1
What is 0 (base 3) in base 4?
0
Convert -4 (base 12) to base 15.
-4
1e (base 15) to base 4
131
What is -21 (base 16) in base 2?
-100001
What is -10 (base 4) in base 10?
-4
-33 (base 10) to base 7
-45
126 (base 8) to base 15
5b
10 (base 4) to base 16
4
Convert -406 (base 9) to base 12.
-236
-3 (base 11) to base 14
-3
What is -1 (base 12) in base 8?
-1
What is 31 (base 7) in base 8?
26
2 (base 7) to base 3
2
What is 81 (base 9) in base 13?
58
What is 111 (base 6) in base 15?
2d
170 (base 8) to base 9
143
What is -2222 (base 5) in base 10?
-312
What is 264 (base 7) in base 2?
10010000
Convert -5 (base 6) to base 9.
-5
Convert 13 (base 6) to base 15.
9
What is -10 (base 3) in base 8?
-3
Convert 26 (base 13) to base 9.
35
What is -27 (base 8) in base 12?
-1b
What is 3 (base 9) in base 8?
3
Convert 15 (base 11) to base 10.
16
Convert -4 (base 5) to base 6.
-4
-117 (base 15) to base 4
-3313
-2 (base 12) to base 16
-2
1 (base 12) to base 11
1
Convert 199 (base 12) to base 4.
10011
2 (base 3) to base 4
2
Convert -1220 (base 4) to base 10.
-104
-11 (base 4) to base 8
-5
Convert -d (base 15) to base 12.
-11
0 (base 4) to base 7
0
What is 4 (base 15) in base 4?
10
-18 (base 14) to base 8
-26
Convert -b (base 12) to base 9.
-12
10100 (base 3) to base 16
5a
Convert 3d (base 15) to base 16.
3a
Convert -3 (base 10) to base 7.
-3
What is -2a (base 14) in base 3?
-1102
-7 (base 11) to base 2
-111
What is 24 (base 7) in base 10?
18
What is -202 (base 6) in base 4?
-1022
Convert 2 (base 3) to base 5.
2
What is -55 (base 11) in base 3?
-2020
What is 3 (base 11) in base 16?
3
-10102 (base 3) to base 5
-332
Convert c6 (base 13) to base 5.
1122
3 (base 6) to base 5
3
Convert 457 (base 8) to base 12.
213
-8 (base 10) to base 12
-8
0 (base 2) to base 8
0
17 (base 11) to base 16
12
What is 2 (base 4) in base 2?
10
153 (base 7) to base 6
223
What is 1002 (base 3) in base 10?
29
-3 (base 14) to base 4
-3
What is -2 (base 7) in base 13?
-2
What is 5 (base 10) in base 3?
12
What is a (base 16) in base 11?
a
-47 (base 8) to base 5
-124
What is 18 (base 15) in base 8?
27
16 (base 16) to base 12
1a
What is 9 (base 15) in base 3?
100
Convert -20 (base 3) to base 9.
-6
d9 (base 15) to base 6
540
Convert 1 (base 14) to base 2.
1
55 (base 15) to base 5
310
-13 (base 13) to base 5
-31
What is -fd (base 16) in base 6?
-1101
What is 202 (base 3) in base 15?
15
What is 1e (base 15) in base 2?
11101
Convert 1 (base 6) to base 3.
1
7 (base 15) to base 9
7
Convert 4 (base 5) to base 10.
4
Convert 118 (base 9) to base 3.
10122
What is -4 (base 11) in base 16?
-4
-127 (base 9) to base 5
-411
What is -1 (base 9) in base 13?
-1
What is -61 (base 11) in base 2?
-1000011
What is -10010 (base 2) in base 14?
-14
4 (base 11) to base 5
4
135 (base 7) to base 12
63
1 (base 6) to base 2
1
Convert 23 (base 8) to base 14.
15
120 (base 12) to base 14
c0
-5 (base 9) to base 12
-5
What is 3 (base 7) in base 14?
3
What is 2 (base 5) in base 16?
2
-65 (base 7) to base 11
-43
What is -1 (base 6) in base 3?
-1
-9 (base 13) to base 5
-14
-147 (base 11) to base 13
-103
Convert -32 (base 15) to base 6.
-115
What is 3 (base 4) in base 2?
11
3 (base 16) to base 15
3
What is -3 (base 4) in base 7?
-3
Convert 1023 (base 5) to base 15.
93
What is -312 (base 6) in base 4?
-1310
4 (base 12) to base 11
4
0 (base 10) to base 2
0
What is -4 (base 15) in base 12?
-4
33 (base 8) to base 9
30
What is 10133 (base 4) in base 2?
100011111
What is -10 (base 9) in base 16?
-9
What is -100011 (base 2) in base 6?
-55
What is -1 (base 8) in base 2?
-1
What is -23 (base 6) in base 8?
-17
124 (base 5) to base 7
54
What is -313 (base 5) in base 8?
-123
1 (base 12) to base 5
1
What is -6 (base 15) in base 6?
-10
-2 (base 14) to base 16
-2
What is -1133 (base 4) in base 8?
-137
What is -1001111 (base 2) in base 7?
-142
Convert -11 (base 7) to base 16.
-8
Convert -12120 (base 3) to base 15.
-a0
10110010 (base 2) to base 8
262
What is -4 (bas